rs of m(-19)?
2, 5, 59
Let a = 1908 - 1356. What are the prime factors of a?
2, 3, 23
Suppose 6*o = -668 - 58. Let j = o - -172. List the prime factors of j.
3, 17
Let f be 10/(-3)*21/(-2). Let j(v) = -36*v - 29. Let z be j(-1). Let c = f - z. List the prime factors of c.
2, 7
Let b be -1 + 4 + 378 + 2. Suppose -i + 624 + 368 = 5*d, -2*d + b = 5*i. List the prime factors of d.
199
Let p(w) = 3*w**3 - 5*w + 2. Let u be ((-616)/40)/(-7) - 2/10. What are the prime factors of p(u)?
2
Suppose -l = 3*s - 7297, -3*l - 4372 = -3*s + 2945. What are the prime factors of s?
2, 1217
Suppose -24*y + 19 = -25*y. Let m(r) = r**3 + 5*r**2 - 7*r. Let b be m(-5). Let j = y + b. List the prime factors of j.
2
Let k = -590 + 1369. What are the prime factors of k?
19, 41
Let z(y) = -y + 9. Let w be z(9). Let s = w + 24. Suppose 0 = -4*n - 4*t + s, 2*n + 3*n - 46 = -t. List the prime factors of n.
2, 5
Suppose 13 + 7 = 5*c. Suppose -c*d = -2*s - 12, 5*d - s = s + 14. Suppose -d*g + 3*h = -g - 5, 3*h = -3*g + 63. List the prime factors of g.
17
Suppose 5*l = 2*z + 20062, -3*l - l - 2*z + 16064 = 0. What are the prime factors of l?
2, 3, 223
Let o = -1497 + 2375. What are the prime factors of o?
2, 439
Let j(h) = 34*h - 13. Let y(d) = 68*d - 27. Let r(g) = -9*j(g) + 4*y(g). Let v(l) = -17*l + 4. Let k(t) = 2*r(t) - 5*v(t). What are the prime factors of k(3)?
7
Let v be 4/(-6)*(-30)/4. Let d(y) = -3*y - 20. Let z be d(-6). Let n = z + v. List the prime factors of n.
3
Suppose 3*k - k = -4. Let s be 282/(1 - k) + 3. Suppose -3*j = 2*n - s, -3*j + j + 62 = 2*n. List the prime factors of j.
5, 7
Suppose 0 = -4*a - 5*b - 30 + 7, -4*a = 4*b + 20. Let n(c) = c - 1. Let i(g) = 1. Let t(x) = i(x) - 5*n(x). List the prime factors of t(a).
2
Suppose 2*c = -c + 5*f + 16, -3*c - 4*f + 25 = 0. Let v(s) = s**2 - 14. List the prime factors of v(c).
5, 7
Let m(i) = 2*i**2 - 24*i - 173. What are the prime factors of m(18)?
43
Let l be 127*1 - (5 - 3). Suppose -2*s + 9 = -0*s - 3*q, 7 = 4*s + 5*q. Suppose -s*z + l = 2*z. What are the prime factors of z?
5
Let t(g) = g**3 - 8*g + 438. What are the prime factors of t(0)?
2, 3, 73
Suppose 5*n + 7 = 2*g, -g + 5*n = -7 + 6. Let r = 86 + g. List the prime factors of r.
2, 23
Let n(k) be the first derivative of -k**2/2 - 4*k - 7. Let w be n(-6). Suppose q - w = z - 4*q, -33 = -z - 2*q. What are the prime factors of z?
23
Let u = 90 + -17. Suppose u = y - 5*p + 29, -15 = 5*p. Suppose 4*g = 5*x + y, -2*g - 3*g + 28 = 2*x. List the prime factors of g.
2, 3
Let x(p) = -30*p + 11. Let v be x(-7). Suppose 51 = -5*c + v. What are the prime factors of c?
2, 17
Let p = 166 - 116. Suppose -12*f = -7*f - p. List the prime factors of (184/10)/(4/f).
2, 23
Suppose v + v = 362. Suppose 4*n - v - 55 = 0. List the prime factors of n.
59
Let d(c) = -c**3 + 7*c**2 - 3*c - 1. Let p be 10 + (-1 - (-9)/3). Let u be ((-10)/p)/((-6)/36). List the prime factors of d(u).
2, 17
Let y(g) = -g**2 - 17*g + 19. Let c be y(-8). List the prime factors of 26/c + (915/7 - 1).
2, 5, 13
Let u be ((-6)/(-4))/((-6)/(-12)). Let s be u - 2*(-2)/4. Let l(f) = f**2 + 5*f - 5. What are the prime factors of l(s)?
31
Suppose -5*k - 5 = -10*k. Suppose -3*t - 2*t = -4*g + 13, g - 2*t = k. What are the prime factors of g?
7
Suppose t + 13 = g, -3*t = 2*g - 0*g - 1. Let f be (-20)/(-6) + g/12. Suppose 3*d = -q + 4*q - 117, 4*q + f*d = 164. What are the prime factors of q?
2, 5
Let x(v) be the second derivative of -31*v**5/4 + v**4/12 + 2*v**3/3 + 3*v**2/2 + 5*v. List the prime factors of x(-1).
5, 31
Suppose 8*y + 3*y = 9779. What are the prime factors of y?
7, 127
Suppose -5*b - l = -5922, 12*b + 5912 = 17*b - 4*l. What are the prime factors of b?
2, 37
Let x(z) = 2*z**2 + 3*z**2 + 2 + 1. Let n be x(-3). Suppose -2*l + 16 = -n. List the prime factors of l.
2
Suppose -3*n + 58 = a, 0 = -5*a - 24 - 1. Let h(u) = -2*u - 5. Let k be h(-6). Suppose -k = -2*l + n. List the prime factors of l.
2, 7
Suppose 3 = 4*z - 5. Suppose -3*p = 2*s - 59, -5*p + 97 = -z*s + 4*s. List the prime factors of p.
19
Let g(v) = v**2 - 6*v + 1. Suppose -5*b - 2*n + 2 = 0, -2 = -b - 5*n + 3. Suppose b = 3*z + i - 26, -4*z + 37 = -4*i + 3*i. List the prime factors of g(z).
2, 7
Let w = -156 - -93. What are the prime factors of (-13617)/w + 1/(-7)?
2, 3
Let q be ((-4)/(-12))/((-2)/(-54)). Suppose 25 = 4*f - q*f. List the prime factors of 15/(-2)*6/f.
3
Let u = 0 - 0. Let a = -525 + 526. List the prime factors of (a + u)/(3/54).
2, 3
Let i be (-65)/(-15) - (-2)/(-6). Suppose z - 4*k - 5 = -6*k, -z - 19 = -i*k. List the prime factors of 36/16*(-32)/z.
2, 3
What are the prime factors of 1/((-15)/20)*-597?
2, 199
Let a = 4374 + -2594. List the prime factors of a.
2, 5, 89
Suppose 2232 = -44*d + 47*d. What are the prime factors of d?
2, 3, 31
Suppose -10465 = -7*v - 2912. Suppose 101 + v = 5*t. What are the prime factors of t?
2, 59
Let r(d) = 147*d**2 - 120*d - 1. What are the prime factors of r(-4)?
19, 149
Suppose 0 = 43*p - 12*p - 16027. What are the prime factors of p?
11, 47
Suppose x - 11*x + 3680 = 0. List the prime factors of x.
2, 23
Suppose -63*j = -64*j - 2. Suppose -2*z - 3*a - 235 = 0, -3*z - 4*a + 622 = -8*z. List the prime factors of z/(-4) + 3/j.
29
Let i = -1 + 28. Let t = 122 - i. Suppose 36*z + t = 41*z. List the prime factors of z.
19
Let v = -12 + 7. Let y be (-1)/v - (-552)/40. List the prime factors of (1/3)/(y/714).
17
Let f = -10 + 5. Let u(l) = -l**2 - 6*l + 3. Let w be u(f). Let d = w - -28. What are the prime factors of d?
2, 3
Let w(h) = 3*h - 7. Let k be w(4). Suppose 2*t + 5*n + 38 = -0, 0 = -5*t - k*n - 95. Let p = -11 - t. What are the prime factors of p?
2
Let a be 70*(4/10 + 0). Suppose a = m - 0. Suppose 2*q - q - m = 5*b, -q - 2*b + 21 = 0. What are the prime factors of q?
23
Let c(m) = -34*m**3 - 2*m - 1. Let u be c(-1). Let j be u*3 + (-9)/3. Suppose 0 = 5*s + v - j, 0 = -2*s + 2*v - 3*v + 42. What are the prime factors of s?
2, 5
Let a(h) = h**3 - 30*h**2 + 10*h + 20. What are the prime factors of a(30)?
2, 5
Suppose 85*y = 61*y + 50544. List the prime factors of y.
2, 3, 13
Suppose 64 = 3*d + u, 0*u = 5*d - 2*u - 125. Let h = 10 - d. Let a = -7 - h. List the prime factors of a.
2, 3
Suppose -5*w = 5*q - 23465, 5*q + 3520 = w - 1161. What are the prime factors of w?
4691
Let n = 16 - 13. Suppose n*c - 10 = 23. Let f(d) = d**2 - 9*d - 6. What are the prime factors of f(c)?
2
Suppose -5*r + 88 = 3*f, -5*f + 53 + 77 = 5*r. Suppose -4*h - f = -77. Let l = h + 20. What are the prime factors of l?
2, 17
Suppose -7*d = -5*d - 286. Let f = d - 62. What are the prime factors of f?
3
Suppose 11*m - 11877 = 11652. What are the prime factors of m?
3, 23, 31
Let w(m) = 110*m**3 - 109*m**3 - m**2 - 5 + 0*m**2. What are the prime factors of w(5)?
5, 19
Let j(i) = -i + 156. Let k be 3/(-2) + 12/(-16)*-2. List the prime factors of j(k).
2, 3, 13
Suppose 0 = -60*w + 58*w + 602. What are the prime factors of w?
7, 43
Suppose 11676 = 4*n - 6*m + 3*m, -3*m = 0. List the prime factors of n.
3, 7, 139
Let p be (2 + 3)/((-5)/(-2)). Let i(x) = 13*x**2 - 2. List the prime factors of i(p).
2, 5
Let t be 9/15 + (-24)/40. Suppose -5*b + 2*r + 485 = t, -5*b = 4*r - 9*r - 500. What are the prime factors of b?
5, 19
Let n(r) = -r**3 - r + 20. Let d be n(0). Suppose -w = w - d. Let p(c) = c**3 - 8*c**2 - 15*c + 5. What are the prime factors of p(w)?
5, 11
Let x be 4/(-3)*(0 + -12). Suppose 8*z - x = 8. Suppose 0 = -u + 3*s + 43 + 7, -z*u - 5*s = -150. List the prime factors of u.
2, 5
Suppose 0 = -5*g + 4*o + 33, 2*o + 2 = o. Suppose w + g*j = 17 + 23, -2*j = 8. Suppose -w = -2*r + 2*b - 14, -3*b + 57 = 4*r. What are the prime factors of r?
2, 3
Suppose 2*b + b = -15, 2*v - 257 = 5*b. What are the prime factors of v*(0 - 3)/(-6)?
2, 29
Let m be (-336)/15 + (-8)/20*-1. Let o = -37 - -6. Let h = m - o. What are the prime factors of h?
3
Let g = -24 + 48. Let l(z) = -5*z - 13. Let t be l(-11). What are the prime factors of (g/t)/((-2)/(-7))?
2
Let i(z) = -2*z + 110. List the prime factors of i(-10).
2, 5, 13
What are the prime factors of (480/64)/(3/116)?
2, 5, 29
Suppose -2736 + 307 = -7*g. What are the prime factors of g?
347
Let a = 170 - -421. What are the prime factors of a?
3, 197
Let k(r) = r**2 - 10*r - 11